d 12?
12
Suppose -27 = -3*c - 5*r, -r + 4 = 1. Suppose 5*u - 2 = -3*m + 11, c*m = -3*u + 10. Let a be 24*(-2)/(-2)*m. Calculate the highest common factor of 16 and a.
8
Suppose 3 = y + 12. Let s = y - -15. Let v be (-5)/(5/2) + s. Calculate the greatest common divisor of v and 20.
4
Let a(q) = q**2 - 19*q + 84. Let p be a(17). Calculate the highest common factor of 40 and p.
10
Let t = 296 + -127. Calculate the highest common factor of t and 13.
13
Let z = 21 - 9. Let s be (2 + 2 - 3) + 1. Suppose 5*o - 112 = -d, 0*o - s*o = 3*d - 388. What is the greatest common factor of d and z?
12
Suppose -o = 5*a - 102, 2*o = -3*a - 2*a + 104. What is the greatest common factor of 260 and a?
20
Let j be (-1)/(-3) - 106/3. Let b be (-37)/(-7) - (-10)/j. Suppose -26 = -b*m - 11. Calculate the highest common divisor of 3 and m.
3
Let o = -36 - -113. What is the greatest common divisor of o and 11?
11
Let y be (-26)/195 - 1204/(-30). Calculate the highest common divisor of y and 10.
10
Let l = -2 + 8. Let i = -4 + l. Suppose -2*s + 106 = 2*k, 4*s + k = i*k + 227. What is the greatest common factor of s and 14?
14
Let v(h) = h**2 - h - 3. Let i be v(3). Suppose -5*u = -3*u + 6. Let w = u + 5. What is the highest common factor of w and i?
1
Suppose 24 = 2*s + 2*h + 6, -41 = -5*s - 3*h. What is the greatest common divisor of 35 and s?
7
Suppose 4*m - z - 80 = -2*z, m - 20 = -2*z. What is the highest common factor of 30 and m?
10
Let i = -1 - -1. Let x be 1/(1 - i) + 53. Let z be (84/(-49))/((-2)/21). What is the highest common factor of x and z?
18
Let t be (1*-4)/(-2)*7. Let x be (-52 - -10)*(-2)/3. What is the greatest common factor of x and t?
14
Suppose 4*i + 4*t - 84 = 408, 0 = 5*i - 5*t - 595. Let u = 6 + -4. Suppose u*c - 5*c = -33. What is the greatest common divisor of c and i?
11
Let a be (245/2)/((-2)/(-4)). Calculate the highest common divisor of a and 35.
35
Let y(a) = -a + 22. Let b be y(10). What is the greatest common factor of 6 and b?
6
Let l be 16/2 + 2*-1. Let m = l + -2. Let v(s) = -2*s - 4. Let p be v(-4). Calculate the highest common divisor of m and p.
4
Suppose 5*p - 20 = p. Calculate the highest common factor of 5 and p.
5
Suppose 4*i + 741 = -6411. Let j be i/(-30) - 4/(-10). Suppose -3*n + 5*x + 26 + 21 = 0, -n + 5*x = 1. Calculate the greatest common divisor of j and n.
12
Let s(f) = f + 7. Let x be s(-5). Let b be (-3 - -2)*-2 - 4. Let a be (b + 4/3)*-21. Calculate the greatest common divisor of a and x.
2
Let s be (190/15 + 0)*(-54)/(-4). What is the highest common factor of s and 9?
9
Let y = -72 + 77. What is the greatest common factor of y and 80?
5
Suppose -2*z - 6 = z. Let j be 48 - (6 + -1 + z). Calculate the highest common divisor of j and 5.
5
Let b be -3*-4*(-15)/18. Let q(l) = l**2 + 8*l - 15. Let x be q(b). What is the highest common factor of x and 5?
5
Suppose -15*p + 16*p = 28. What is the highest common divisor of p and 7?
7
Let k = 2 - -8. Let b be (-315)/6*(-8)/6. What is the highest common divisor of b and k?
10
Let r(n) = n**3 - n**2 + 13. Let w be r(0). Let h(p) = -p**2 + 3. Let a be h(-3). Let k = a + w. Calculate the greatest common divisor of 35 and k.
7
Suppose -2*k + 2 = -10. What is the highest common divisor of k and 15?
3
Let v = 10 - 1. Suppose -5*w = -44 + v. Let a = -70 - -133. Calculate the greatest common factor of w and a.
7
Suppose 4*k + k - 135 = 0. What is the greatest common factor of k and 108?
27
Suppose -4*c + 9 = -3. Calculate the highest common divisor of 9 and c.
3
Let g(t) = t**2 - 11*t - 11. Let q be g(-11). What is the greatest common divisor of q and 21?
21
Let s = 1 + 0. Let v = 44 + s. Calculate the highest common factor of v and 9.
9
Let n(o) = -o. Let c(i) = 2*i - 247. Let v(y) = -c(y) - 3*n(y). Let f be v(0). Suppose -2*r = -f - 105. What is the highest common factor of 16 and r?
16
Let f be 5/((-5)/(-134)) - -1. Suppose 5*y = -0 + f. Suppose 2*c - 2*m = -3*m + 12, 5*c + m = y. Calculate the greatest common divisor of 10 and c.
5
Suppose -25*x + 737 = 62. Suppose -v = p - 12, 5*v = -p + 19 + 5. What is the highest common factor of x and p?
9
Suppose -2 = -4*h - 14, t + 3*h = 26. Calculate the highest common divisor of 7 and t.
7
Let z be (-52)/(-8)*2*1. Suppose -3*f - 2*o + 33 = o, 5*o = f + z. Calculate the highest common divisor of f and 28.
7
Let k(n) = 3*n - 3. Let j be k(-6). Let t = j + 29. What is the greatest common factor of 1 and t?
1
Let j be ((-5)/(-4))/(10/40). Let c(w) = 2*w - 9. Let x be c(j). What is the greatest common factor of 6 and x?
1
Suppose -p = 4*n - 28, -3*p + 0*n + 5*n + 33 = 0. Calculate the greatest common divisor of p and 8.
8
Suppose -4*o + 61 + 23 = 0. Calculate the greatest common divisor of 14 and o.
7
Let w(y) = y**2 + 5*y + 3. Let o be w(-7). Suppose -p + 14 = p. Suppose 668 = 5*n - 3*t, -n - 3*t + p*t = -120. What is the highest common factor of o and n?
17
Let x(r) = -r**3 + 2*r**2 + 3*r - 4. Let g be x(3). Let h be g/8 - 61/(-2). Let o = 45 - h. What is the highest common divisor of 10 and o?
5
Suppose -3*k - k + 2*y + 4 = 0, 0 = -k + 4*y - 6. Suppose -6*z + 3*z + 18 = 0. Calculate the highest common divisor of k and z.
2
Let h be -4 + 2 - (3 - -1). Let j = -6 - h. Suppose 4*c + j*c = 28. Calculate the highest common factor of c and 7.
7
Let m be 45*(2 - 4/3). Let b = 5 + -2. Suppose b*d = 3 + 222. What is the highest common divisor of d and m?
15
Let k = -365 + 1037. Suppose d + k = -d. Let t be 3/(2/(d/(-9))). Calculate the highest common divisor of t and 7.
7
Let n(h) = -h**3 + 13*h**2 - 10*h + 4. Let v be n(12). What is the highest common factor of 7 and v?
7
Suppose -78 = -2*r + 5*b + 278, -b = -5*r + 844. Suppose z + r = 4*z. What is the greatest common factor of 8 and z?
8
Let s(f) = f**3 - 3*f**2 + 2*f - 3. Let t be s(3). Calculate the greatest common factor of t and 21.
3
Let z(p) = -p**2 - 11*p - 11. Let h be z(-6). What is the highest common divisor of 57 and h?
19
Let v(t) = -t**3 - 4*t**2 - 2*t + 4. Let k be v(-4). Calculate the greatest common factor of k and 108.
12
Suppose -4*j + 60 = j. Suppose 3*i = 12 - 0. Suppose -3*t - t + j = 0, -4*b - i*t + 24 = 0. What is the highest common factor of b and 2?
1
Suppose 0*j - 3 = -3*j. What is the greatest common divisor of j and 9?
1
Let v(y) = -2*y + 1 + 9 + y. Let u be v(8). Calculate the greatest common divisor of u and 4.
2
Let y = -42 + 152. Suppose -15 = -2*o + 5. What is the greatest common divisor of o and y?
10
Let o = -43 + 63. What is the highest common factor of 10 and o?
10
Suppose 9*w = 4*w + 15. Suppose -g = -w*t - 15 - 8, 2*g = -4*t + 6. Let d(p) = -55*p**3 - p - 1. Let z be d(-1). What is the highest common divisor of g and z?
11
Let u = 31 - 20. Calculate the greatest common divisor of u and 99.
11
Let t = 211 + -136. Let r be 3*(18/3 - 1). What is the greatest common divisor of r and t?
15
Suppose 0*r + 4*k - 82 = -2*r, -149 = -4*r - 3*k. Calculate the greatest common factor of 35 and r.
35
Let y be ((-6)/4)/((-3)/4). Suppose -4*u + 62 = 6. What is the highest common divisor of u and y?
2
Let h = 218 + -86. Let s(j) = -j**3 + 5*j**2 - j - 3. Let i be s(3). What is the highest common divisor of h and i?
12
Let d = 27 - -8. Calculate the highest common divisor of 175 and d.
35
Let o = 6 + 11. What is the greatest common divisor of o and 17?
17
Suppose 2*w + 3*w = 35. Let y = -1 - -2. What is the highest common divisor of w and y?
1
Let g be -81*(1 + -2 - 0). Let m(a) = -a**3 + 28*a**2 + 4*a - 103. Let o be m(28). What is the greatest common divisor of g and o?
9
Suppose 0*t = -t + 4. Calculate the greatest common factor of 2 and t.
2
Let q = -40 - -44. Let f(v) = -v - 2. Let o be f(-6). Calculate the highest common divisor of q and o.
4
Let z = -30 + 75. Let l(a) = a**2 + a. Let g be l(0). Suppose g = -3*m + 10 + 17. What is the highest common divisor of z and m?
9
Let u = 14 + -3. Suppose u*w = 16*w - 280. What is the greatest common divisor of w and 14?
14
Suppose 0 = -4*o - 2*a + 24, a + 4*a = 20. Suppose 0*l - 3*l - o*m + 14 = 0, -2*l = -2*m - 28. What is the greatest common divisor of 40 and l?
10
Suppose 4*h = 2*h + 48. Suppose 0 = -10*f - 2*f + 36. What is the greatest common divisor of h and f?
3
Let m be (-1)/((2 + 0)/(-52)). Suppose -3*a + 2*x + 189 = 2